 factors of y.
2, 28621
Suppose -14*c + 198 = -3*c. Let t be c*-26*9/(-12). Suppose 0 = 3*m + 9, 0 = 2*o - m - 0*m - t. What are the prime factors of o?
2, 3, 29
Let n = 76 - 75. Suppose -17 = -8*q - n. Suppose q*d = -4*x - 0*x + 730, 5*x + 2*d = 910. What are the prime factors of x?
2, 3, 5
Let k = -16118 + 19415. List the prime factors of k.
3, 7, 157
Let w be 1396 - -15*(-9)/45. Let t = 2010 - w. What are the prime factors of t?
617
Let v(t) = 264*t - 153. List the prime factors of v(21).
3, 599
Let h = -73 - -77. Suppose -h*o - 28 = 48. Let s = o - -61. List the prime factors of s.
2, 3, 7
Let t = -664 - -668. Suppose -2*l + 2362 = t*r, -4*l - 10*r + 4704 = -7*r. What are the prime factors of l?
3, 17, 23
Suppose -3*w = -0*w + 204. Let k be (-3)/(-27) + w/(-36). Suppose k*z + u - 5*u - 378 = 0, 2*z - 380 = 2*u. What are the prime factors of z?
191
Suppose -2*c = 3*k - 2*k - 17, -24 = -3*k + 3*c. Suppose 13*i - 926 = k*i. List the prime factors of i.
463
Let l(r) = -3*r**3 - 16*r**2 - 80*r - 26. Let i(k) = 7*k**3 + 31*k**2 + 160*k + 51. Let q(g) = 2*i(g) + 5*l(g). What are the prime factors of q(-16)?
2, 5, 37
Let t(c) = -9*c + 7. Let h be t(-3). Let r = -30 + h. Suppose 200 = 4*v - r*p, p = -2*v + 4*p + 100. What are the prime factors of v?
2, 5
Let l(x) = -2*x**3 - 2*x**2 + x + 2. Let b be l(-2). Suppose b*t = 9*t. Suppose 2*u - u - 70 = t. What are the prime factors of u?
2, 5, 7
Suppose 15*i = 81 + 54. Suppose -4*x + i*x = 4850. List the prime factors of x.
2, 5, 97
Let y(p) = 3*p**2 + 42*p - 48. Let l be y(-25). Suppose 3*g + 519 = 2*k - 0*g, -l = -3*k + 4*g. What are the prime factors of k?
3, 5, 17
Let d = -191 - -193. Suppose 2*w + 1018 = 2*g, -g - d*w + 340 = -166. List the prime factors of g.
2, 127
Let r(u) = -u**3 + 15*u - 1 - u**3 - 9*u**2 - 8*u**3 + 11*u**3. Let g be r(7). What are the prime factors of 141 - 3 - g/(-2)?
3, 47
Suppose -90*q + 43*q + 46*q = 0. Suppose q = 8*v - 4*l - 1436, v + 4*l - 3*l - 178 = 0. What are the prime factors of v?
179
Let z be (-36)/(-10)*(-210)/(-4). Suppose -103 = -j + z. What are the prime factors of j?
2, 73
Let w = -16549 + 23479. What are the prime factors of w?
2, 3, 5, 7, 11
Let w(g) = -1329*g + 10. Let o be w(1). Let b = -667 - o. What are the prime factors of b?
2, 163
Let i = -69 - -72. Let o be 1/(5/(-10)) - (i + 1). List the prime factors of ((-2090)/33)/(4/o).
5, 19
Suppose 3*r - 6*r + 4*h = -6, -5*h = -r + 24. Let c = 7 - -1. What are the prime factors of 27 + 55/20 + r/c?
29
Let g(c) = c**2 + 10*c + 17. Let d be g(-7). Let y = d + 8. Suppose y*b - 20 = 0, -s - 4*b + 185 = 4*s. List the prime factors of s.
3, 11
Suppose 3*d - 4*d = -4, 0 = 3*y - 3*d - 28017. List the prime factors of y.
9343
Let o(z) = z**3 + 9*z**2 + z - 1. Suppose 3*b - 40 = -67. Let i be o(b). What are the prime factors of i/4 - (-476)/8?
3, 19
Let q(u) = 0*u**3 - 14*u**2 + 6*u**3 - 7*u**3 + 10*u - 2. Let y be q(-15). Let x = y - 57. What are the prime factors of x?
2
Let r = 14327 - 5380. List the prime factors of r.
23, 389
Let u(l) = -88*l - 5897. List the prime factors of u(-121).
4751
Suppose -39*r = 24*r + 24*r - 849033. What are the prime factors of r?
3, 3253
Suppose -4 = 2*i, -i + 121 = 5*v + i. Suppose 0 = 4*u - 271 - v. List the prime factors of u.
2, 37
Suppose -5*k = -2*b + 3, 2*b - 3*k - 6 + 1 = 0. Let m be b*5/((-20)/(-3)). Suppose 5*h - 2*g + 4*g - 1062 = 0, -2*g + 634 = m*h. List the prime factors of h.
2, 107
Let p be (4 + 3 + -6)*(-257)/1. Let z = -96 - p. What are the prime factors of z?
7, 23
Suppose 4*l = -3*k + 4648, -k + 35*l + 1544 = 31*l. What are the prime factors of k?
2, 3, 43
Let y be (-1)/4 + 3787/28 + 8. Suppose -y*a + 132*a = -14322. What are the prime factors of a?
2, 3, 7, 31
Let j = 3473 - 1437. List the prime factors of j.
2, 509
Let o = 22440 - 10751. What are the prime factors of o?
11689
Let w = 70 + -56. List the prime factors of (6*w/(-20))/((-164)/43460).
3, 7, 53
Let a = -25109 - -38072. List the prime factors of a.
3, 29, 149
Let f(m) be the second derivative of 11/6*m**3 - 5*m**2 + 0 - 10*m. What are the prime factors of f(8)?
2, 3, 13
Let k(q) = q**3 - 5*q**2 + 2*q - 4. Let x be k(5). Suppose -x*j + 22 = -8. Suppose 0 = t + j*t - 282. What are the prime factors of t?
47
Suppose 0 = j, 2 = 3*y - 3*j - 19. Suppose -4*i = -2*i. What are the prime factors of (14*y)/(i - -2)?
7
Let p = 76 + -78. Let u = p - -7. Suppose -2*w - 137 = -u*w - 2*t, 3*w = 4*t + 113. What are the prime factors of w?
43
Suppose 8 = 2*c + 6. Suppose 3*m + 2*f + c = -3*f, 0 = -3*m - f + 7. Suppose y = m*y - 36. List the prime factors of y.
2, 3
Let p(j) = j**3 - 6*j**2 - 5*j - 6. Let n(o) = o**2 - 19*o + 41. Let t be n(17). Let d be p(t). Suppose 0 = -d*m + 4*m + 28. What are the prime factors of m?
7
Let m(y) be the third derivative of y**5/30 - y**4/4 + 170*y**3/3 + 104*y**2. What are the prime factors of m(0)?
2, 5, 17
Let m = 3677 - 922. Suppose m = 13*k + 792. List the prime factors of k.
151
Let i(m) = -m**2 + 105*m - 1899. Let x be i(21). Suppose -3*o - 2*r = 722, -5*o + 2*r = 904 + 310. Let j = x - o. What are the prime factors of j?
107
Suppose 25*d = 978829 + 1118346. What are the prime factors of d?
149, 563
Suppose 5*o + 250*m = 262*m + 131218, -4*m - 78734 = -3*o. List the prime factors of o.
2, 11, 1193
Suppose 4*v - 2*g = 12 + 14, -5*g = -5*v + 30. Let j(a) = 2*a**2 - 12*a + 21. What are the prime factors of j(v)?
5, 7
Suppose -4396 = -18*z + 11*z. Suppose -11*l + 6225 = -z. List the prime factors of l.
7, 89
Let g(y) = y**3 + 8*y**2 - 4*y - 7. Let o be g(-7). Suppose o = 5*s - 65. Let l = 57 - s. List the prime factors of l.
2, 3, 5
Let x(q) = q**3 - 8*q**2 + 28*q + 18. Let o be x(-12). Let y = -1551 - o. What are the prime factors of y?
3, 61
Let h be 34 + -29 - (0 - 0). Suppose -813 = -3*s + 2*g, -1534 = -5*s - h*g - 179. List the prime factors of s.
271
Suppose f = -3*q - 3*f + 16, -5*q = 4*f - 24. Suppose 1 = q*t + 9. What are the prime factors of (-1 + 5 - (1 + t))*2?
2, 5
Let o = -699 + 327. Let s = o + 960. List the prime factors of s.
2, 3, 7
Let q be 52/5 + 2 + (-27)/(-45). Suppose -1684 = q*t - 17*t. What are the prime factors of t?
421
Let a(f) = -f**3 + 7*f**2 - 11*f + 7. Let d be a(5). Suppose 3*k = -5*x - 2, d*x = -k - k. List the prime factors of ((-166)/(-4))/(x/(-2)).
83
Suppose 69 = -2*x + 71. List the prime factors of ((-257)/x + -9)/(2*-1).
7, 19
Let m(k) = 11*k**2 + 31*k + 108. List the prime factors of m(-11).
2, 3, 61
Suppose -3*o + 31 - 19 = 0. Suppose 4*f = -4 - o. What are the prime factors of ((-38)/(-57))/(f/(-270))?
2, 3, 5
Let x(u) = 6. Let p(d) = -21*d + 129. Let j(h) = -p(h) + 3*x(h). What are the prime factors of j(17)?
2, 3, 41
Suppose -28*j = -1090 - 2270. What are the prime factors of 3980/j - (-2)/(-12)?
3, 11
Let p(y) be the third derivative of -y**5/60 + 7*y**4/8 + 2*y**3/3 - 11*y**2. Let r be p(21). Suppose -292 + 104 = -r*z. What are the prime factors of z?
47
List the prime factors of ((-437334)/(-126) - 3) + (-22)/(-231).
2, 3, 17
Let c(a) be the third derivative of 5*a**4/6 + 9*a**3/2 + 23*a**2 - 2*a. List the prime factors of c(13).
7, 41
Suppose v + 0*v + 3*k + 25 = 0, 20 = -4*k. What are the prime factors of 27/(v*(-8)/1840)?
3, 23
Suppose -432 = -186*c + 177*c. What are the prime factors of -3*(962/(-3) + (-16)/c)?
3, 107
Let c = 229 + 828. Let v = c - 553. What are the prime factors of v?
2, 3, 7
Suppose 0*r - 4*r - 20 = 0. Let q(m) = -m**2 + 15. Let f be q(r). Let l = f - -47. List the prime factors of l.
37
Let v = 153 - 147. Let j(o) = 87*o - 41. What are the prime factors of j(v)?
13, 37
Let n(w) = 50*w**2 - 9*w + 20. Let k be n(4). Suppose -18*d + 5176 = k. What are the prime factors of d?
2, 61
Let q = 847 - 859. What are the prime factors of 56/21 + (-12340)/q?
1031
Let y be (2/12)/((-10)/(-540)). Suppose 0 = -y*t + 14*t - 4*z - 5450, -4*t = 4*z - 4324. List the prime factors of t.
2, 3, 181
Let h = 344 + -342. List the prime factors of 26*h/(4 + -8)*-11.
11, 13
Let x(a) = -a + 110. Let c(u) = 55. Let b(l) = -5*c(l) + 2*x(l). Let y be b(-23). Let s(t) = -14*t - 48. List the prime factors of s(y).
2, 3, 13
Suppose -5*k + 81722 = -3*f - 325306, 0 = k - 4*f - 81409. List the prime factors of k.
3, 5, 67
Let s = 97 - 95. Supp